)?
331
Let u(l) = 34*l**2 + 801*l + 2089. Give u(-3).
-8
Let z(d) = d - 396. Determine z(-109).
-505
Let r(o) = -21451*o - 128706. Give r(-6).
0
Let c(a) = a**3 - 14*a**2 - 10748*a + 118563. Give c(11).
-28
Let q(v) = -2*v**2 + 131975*v + 8190134. Calculate q(-62).
-4
Let h(v) = -v**3 + 68*v**2 - 9*v + 607. Calculate h(68).
-5
Let a(o) = o**3 - 23*o**2 - 16088*o + 400945. Determine a(25).
-5
Let g(o) = -o**3 + 52*o**2 + 2093*o + 1649. Give g(-26).
-41
Let d(j) = 36*j - 720. Determine d(75).
1980
Let z(t) = -t**3 - 313*t**2 + 20241*t + 336. Give z(-368).
-32
Let f(r) = -3*r**3 - 6458*r**2 - 4173*r + 281920. What is f(-2152)?
8
Let z(b) = -30*b**2 + 289*b + 290. Calculate z(10).
180
Let n(s) = s**3 + 78*s**2 - 1728*s - 58. What is n(-96)?
-58
Let o(a) = -11*a**3 - 461*a**2 + 1017*a - 8. Determine o(-44).
-228
Let g(a) = -149042*a + 6856034. Calculate g(46).
102
Let y(m) = 2*m**3 - 10*m**2 + 595*m - 2983. Calculate y(5).
-8
Let k(z) = 6*z**2 + 133*z - 2057. Give k(10).
-127
Let k(l) = 11139*l + 11280. What is k(-1)?
141
Let t(d) = 4003*d + 68026. Calculate t(-17).
-25
Let j(x) = -2*x**2 - 134*x - 1059. Give j(-61).
-327
Let j(i) = -440102*i - 1320309. Determine j(-3).
-3
Let k(w) = -2*w**2 - 3960*w - 22. Give k(0).
-22
Let j(l) = 2*l**3 - 175*l**2 + 267*l - 814. Determine j(86).
-40
Let k(v) = -196*v**2 + 47*v - 171. Give k(3).
-1794
Let v(c) = 12*c**2 - 431*c - 70. What is v(33)?
-1225
Let m(d) = 206*d + 9432. What is m(-46)?
-44
Let n(c) = 362*c + 2232. Give n(-9).
-1026
Let w(v) = -v**3 - 299*v**2 - 17796*v - 160. Determine w(-82).
4
Let j(r) = 50*r**3 - 117*r**2 - 94*r + 33. Determine j(-1).
-40
Let r(w) = 15*w**3 + 883*w**2 - 128*w - 194. Give r(-59).
396
Let b(i) = i**2 - 115*i - 383. Determine b(-4).
93
Let m(f) = -6*f**2 - 177*f + 285. Calculate m(-31).
6
Let a(o) = 3515*o + 112407. Give a(-32).
-73
Let v(q) = -33*q**2 + 1367*q + 682. What is v(42)?
-116
Let z(j) = -j**2 + 221*j - 6506. Determine z(34).
-148
Let m(n) = -168*n - 34031. Determine m(-214).
1921
Let q(b) = 39503*b - 829740. Determine q(21).
-177
Let u(f) = -217*f - 66359. What is u(-306)?
43
Let j(r) = -1591*r + 22202. Calculate j(14).
-72
Let p(h) = -317*h + 2610. Determine p(8).
74
Let h(x) = 78*x - 1111. Give h(1).
-1033
Let j(g) = 3*g**2 + 1418*g + 55427. What is j(-43)?
0
Let g(b) = 4*b**3 - 3182*b**2 + 22078*b - 30. Calculate g(7).
-30
Let y(z) = 89*z**2 + 2850*z - 102. Calculate y(-32).
-166
Let k(w) = w**3 + 172*w**2 - 5534*w + 27845. What is k(22)?
-7
Let s(d) = 3*d**3 - 254*d**2 + 185*d - 58. Give s(84).
1370
Let a(l) = -4*l**2 - 915*l - 1498. Calculate a(-228).
-814
Let q(y) = 2*y**3 + 2*y**2 - 44324*y + 132932. What is q(3)?
32
Let p(l) = 3*l**3 - 21*l**2 + 80*l - 3. What is p(7)?
557
Let v(o) = -2*o**3 + 215*o**2 + 315*o + 270. What is v(109)?
-1038
Let q(b) = -75607*b - 302437. What is q(-4)?
-9
Let d(z) = -117*z - 655. Determine d(-6).
47
Let p(q) = -39271*q - 274912. What is p(-7)?
-15
Let m(f) = f**3 - 29*f**2 + 1362*f - 1333. Calculate m(1).
1
Let h(j) = 123*j**2 - 822*j + 1016. What is h(5)?
-19
Let d(y) = 10043*y + 140601. Determine d(-14).
-1
Let k(z) = 51*z + 19088. What is k(-374)?
14
Let p(z) = -4*z**2 + 87*z - 414. Determine p(18).
-144
Let p(k) = 373*k**2 + 34702*k + 171. Calculate p(-93).
-1038
Let b(x) = -60850*x - 10466201. Give b(-172).
-1
Let f(s) = -s**3 + 380*s**2 - 2227*s - 5918. Calculate f(374).
440
Let p(t) = 1168*t + 2707. Give p(-3).
-797
Let b(a) = -a**2 - 1017*a - 6072. Calculate b(-6).
-6
Let i(g) = 14*g**3 - 3133*g**2 - 692*g + 4548. Calculate i(224).
68
Let f(v) = -2*v**3 - 25*v**2 + 283*v + 605. Calculate f(-19).
-79
Let s(t) = 320*t**2 + 31352*t - 767. Give s(-98).
17
Let o(l) = l**3 + 163*l**2 + 578*l + 149739. Determine o(-165).
-81
Let m(b) = -4*b**2 + 3018*b - 136941. What is m(706)?
23
Let x(t) = -558*t - 64926. What is x(-116)?
-198
Let i(u) = -435*u + 14481. What is i(35)?
-744
Let p(t) = 3482*t + 776487. Determine p(-223).
1
Let a(p) = -435*p - 59832. What is a(-140)?
1068
Let i(p) = -5*p**2 - 120*p - 600. Determine i(-7).
-5
Let r(h) = 3*h**3 - 29*h**2 + 10*h + 184. What is r(8)?
-56
Let b(r) = r**3 - 145*r**2 - 828*r + 11722. Determine b(150).
22
Let m(q) = -19528*q + 273537. What is m(14)?
145
Let c(q) = q**2 - 1093*q + 55148. Calculate c(53).
28
Let x(v) = -v**3 + 18*v**2 + 115*v - 889. What is x(5)?
11
Let a(v) = -3*v**2 + 128*v + 1969. Calculate a(54).
133
Let s(w) = -5805*w - 1515092. Determine s(-261).
13
Let l(j) = 15*j**3 + 10*j**2 - 28*j - 6. Determine l(3).
405
Let c(f) = -f**3 + 37*f**2 - 176*f + 5095. Calculate c(36).
55
Let f(p) = -13*p**2 + 835*p - 12567. Give f(24).
-15
Let d(l) = -84*l**3 + 194*l**2 - 23*l - 21. What is d(-1)?
280
Let q(r) = r**3 + 237*r**2 + 243*r + 1812. Give q(-236).
160
Let a(d) = -d**3 + 14*d**2 + 2351*d - 28505. Give a(12).
-5
Let d(p) = 25876*p - 439873. Give d(17).
19
Let a(g) = -g**2 - 58*g + 2479. Calculate a(-88).
-161
Let b(n) = -27*n**2 - 1613*n - 10. Give b(-59).
1170
Let i(g) = -2*g**3 - 402*g**2 + 1233*g - 13. Calculate i(3).
14
Let v(l) = l**3 + 517*l**2 + 1031*l + 524. Calculate v(-515).
9
Let l(m) = 2*m**3 + 54*m**2 - 133*m + 1432. Give l(-30).
22
Let m(c) = 5*c**3 + 2*c**2 - 181*c + 352. What is m(2)?
38
Let k(v) = -v**3 + 2271*v**2 - 58366*v - 89. Determine k(26).
15
Let m(p) = 2*p**3 + 11*p**2 + 9*p + 1. What is m(0)?
1
Let r(i) = 2*i**3 - 76*i**2 + 797*i - 2228. Give r(11).
5
Let c(q) = q**2 + 49434*q + 346022. Calculate c(-7).
33
Let j(d) = 67869*d + 4072130. Give j(-60).
-10
Let b(i) = -i**3 + 50*i**2 + 678*i - 183. Determine b(61).
244
Let b(k) = -k**3 + 108*k**2 - 4329*k + 194294. Give b(84).
2
Let l(t) = 2*t**3 + 434*t**2 + 7528*t + 760. What is l(-198)?
-32
Let d(p) = -74*p + 5192. Determine d(66).
308
Let b(t) = t**3 - 136*t**2 + 65*t + 9286. Determine b(135).
-164
Let z(m) = m**2 - 38323*m + 1684314. Calculate z(44).
38
Let q(f) = f**3 + 12*f**2 + 9334*f + 74395. Determine q(-8).
-21
Let v(f) = -100*f - 8064. Calculate v(-81).
36
Let b(d) = d**3 - 17*d**2 - 797*d - 4741. Calculate b(-15).
14
Let n(f) = -54169*f - 379250. Calculate n(-7).
-67
Let f(l) = -l**3 - 1382*l**2 - 209171*l - 16932. What is f(-1209)?
-6
Let l(d) = -155*d - 24665. What is l(-159)?
-20
Let n(b) = -b**3 + 743*b**2 + 4498*b - 2999. Give n(749).
-3
Let o(t) = 5*t**2 - 1681*t - 125260. What is o(399)?
26
Let y(o) = -9*o**2 + 6130*o + 231578. Calculate y(717).
-13
Let r(p) = p**3 + 10*p**2 + 4496*p + 35840. Determine r(-8).
0
Let d(a) = -5360*a - 71192. Determine d(-13).
-1512
Let c(w) = -2639*w + 147802. Give c(56).
18
Let n(m) = -m**3 + 513*m**2 - 52015*m + 10838. What is n(374)?
-8
Let o(i) = 23892*i - 573423. Give o(24).
-15
Let l(v) = 2422*v - 121290. Calculate l(50).
-190
Let a(u) = 62*u - 2272. What is a(55)?
1138
Let l(b) = 5*b**3 + 11*b**2 + 22*b + 388. What is l(-11)?
-5178
Let d(f) = 838*f + 105702. Calculate d(-126).
114
Let o(c) = -218*c**2 - 1068*c - 6. Calculate o(-5).
-116
Let x(h) = h**2 + 284*h - 10745. Determine x(34).
67
Let b(q) = 15*q**3 + 1050*q**2 + 13*q + 1261. Calculate b(-70).
351
Let u(z) = -z**3 - 51*z**2 - 12969*z - 630735. Give u(-49).
-56
Let t(g) = -g**3 + 9*g**2 - 90*g - 38. Calculate t(9).
-848
Let y(n) = -n**2 - 4549*n - 22746. Calculate y(-5).
-26
Let r(g) = -2*g**3 + 14*g**2 + 28*g - 335. Give r(8).
-239
Let y(p) = 4*p**3 - 4*p**2 - 151*p + 603. Determine y(4).
191
Let d(z) = -6*z**3 - 320*z**2 - 97*z + 163. Determine d(-53).
-314
Let k(x) = -797*x**2 - 336339*x - 2124. Calculate k(-422).
-14
Let o(q) = q**2 - 3061969*q - 15309876. Determine o(-5).
-6
Let n(q) = -170795*q + 853969. Determine n(5).
-6
Let h(d) = -2*d**2 - 1753*d - 135781. What is h(-86)?
185
Let r(g) = -1164*g - 353. Calculate r(0).
-353
Let o(q) = -561*q + 44738. Give o(80).
-142
Let z(g) = 298*g + 2281. What is z(-9)?
-401
Let x(s) = 9996*s + 479733. Calculate x(-48).
-75
Let u(l) = -l**3 - 452*l**2 + 912*l + 1816. What is u(-454)?
0
Let m(q) = q**2 - 10836*q - 16. Give m(0).
-16
Let c(y) = 3*y**3 + 13*y**2 - 72*y + 42. Give c(3).
24
Let z(a) = 6*a**2 + 298*a + 1029. Determine z(-46).
17
Let p(j) = -5904335*j - 5904335. Determine p(-1).
0
Let q(f) = -11666*f + 303066. What is q(26)?
-250
Let i(h) = -h**2 - 343*h - 22513. What is i(-252)?
419
Let j(v) = 169733*v - 1188119. Calculate